(h)?
2
Let w be 2/4 + 1*(-12)/(-8). Let u(z) be the second derivative of 1/3*z**3 - 1/2*z**4 - 1/2*z**w + 0 + 5*z + 1/20*z**5. Give u(6).
11
Let b(t) = -t - 13. Let x be b(-8). Let q(n) = -5*n + 7. Let o(h) = -h**2 - 4*h + 6. Let g(s) = x*q(s) + 6*o(s). Determine g(-1).
-6
Suppose -17*g + 26 = -76. Let l(m) be the third derivative of -1/24*m**4 + 0 + 0*m - g*m**2 + 0*m**3. What is l(-4)?
4
Let s(g) = -2*g - 24. Suppose -28*h - 276 - 60 = 0. What is s(h)?
0
Let q be (1/(-1))/(6*(-7)/(-210)). Let w(y) = 6*y**3 + 10. Let n(j) = -5*j**3 - j**2 - 9. Let b(c) = -5*n(c) - 4*w(c). Calculate b(q).
5
Let c(f) = 2*f - 12. Let d(i) = -i**2 + 10*i - 20. Let r be d(5). What is c(r)?
-2
Let a(b) = -b + 1. Let y(f) = -2*f + 3. Let u be (3 + 15/(-3))*(-3 - -1). Let c(d) = u*a(d) - y(d). Suppose 1 = 5*t + 11, -4*s - t + 2 = 0. Determine c(s).
-1
Let z(n) = -n - 4. Let w = 135 - 135. Suppose w = 7*t - 4*t + j + 14, -3*t = -j + 4. What is z(t)?
-1
Let h = 28 + -10. Let q = h + -14. Suppose -3*s - 20 = -3*w + w, -2*w + 24 = -q*s. Let d(g) = -g**3 - 5*g**2 - 3*g - 1. What is d(s)?
-5
Let u be 10/25 + 1/((-10)/(-16)). Let x(l) = -2 - l**2 - 5*l + 5*l + 3*l. What is x(u)?
0
Let j(i) = 4*i - 1. Let p be j(1). Suppose 28 = 11*v - 10*v. Let y(f) = -f**2 - f**2 - v*f + 31*f. Calculate y(p).
-9
Let p = -693 - -688. Let q(n) = -7*n - 31. Calculate q(p).
4
Let d(k) = -k - 1. Let r be d(0). Let m(w) be the second derivative of 5*w**4/24 + w**2 - w. Let x(g) be the first derivative of m(g). Determine x(r).
-5
Let j(w) be the first derivative of w**6/120 + w**5/12 + w**4/8 + w**3/6 - 15*w**2 - 24. Let g(r) be the second derivative of j(r). Determine g(-3).
10
Let c = 217 + -209. Let t(q) = q**3 - 9*q**2 + 7*q + 15. Determine t(c).
7
Let h(r) = -r**3 + 7*r**2 - 13*r + 12. Let i be h(5). Let o(m) = -m**2 + 2*m - 1. Give o(i).
-16
Let k(p) = -p**3 - 2*p**2 - p. Let r be k(-1). Suppose -i = -r*i. Suppose i = h + 5*s + 25, -7*h = -5*h - 4*s - 20. Let n(m) = m - 9. Determine n(h).
-9
Let c(w) be the first derivative of -6 + 0*w - 3*w**2 - 1/3*w**3. What is c(-7)?
-7
Let w(o) = 21*o - 51. Let f(g) = -29*g + 76. Let m(h) = -5*f(h) - 7*w(h). Calculate m(-7).
-9
Let t(i) = -i + 7. Let l(g) = g**3 + 5*g**2 + g - 10. Let u be l(-3). Suppose -u*n = p - 15, 2*p + 4*n = -3*p + 33. Determine t(p).
2
Let c(h) = 4 + 7*h - 4 - h**2 + 2 - 8*h. Let r = 44 - 41. Let p = -1 + r. What is c(p)?
-4
Let h = -2437 - -2442. Let w(n) = n - 10. What is w(h)?
-5
Suppose p - 2*t + 6*t + 7 = 0, 5*p = 3*t + 34. Suppose z + 2*z = 4*d, -p*d = -5*z. Suppose d = 5*f - 13 - 12. Let q(r) = -4*r + 4. Determine q(f).
-16
Let l(f) = -14*f**2 - 18*f - 107. Let p(w) = -5*w**2 - 6*w - 38. Let h(c) = 6*l(c) - 17*p(c). What is h(6)?
4
Let c(a) = -a**2 - 3*a + 12. Let r be c(-5). Let j(z) = -5*z - 9*z - 8*z + r*z. Give j(1).
-20
Suppose -x + 1 = 5*u - 61, x - 23 = -2*u. Let a = u + -11. Suppose -4*b = 3*h, -a*b + 11 = -3*b + 2*h. Let r(j) = -j**3 - 2*j**2 + 3*j. Calculate r(b).
0
Suppose -4*b + 20 = 3*a, 5*b + 2*a + 3*a = 25. Let u(w) = w - 1. Let n(o) = 6*o - 14. Let c(t) = b*u(t) - n(t). Calculate c(7).
2
Let b(v) = -v. Let t be b(0). Suppose 2*g = 4*g - 8. Suppose -g*i + 3*d + 27 = 0, 3*i + t*d + 1 = -2*d. Let q(k) = -k + 4. What is q(i)?
1
Let y(d) = -d**3 + 10*d**2 - 1. Let f be y(10). Let i be 3/f*(-10)/6. Suppose -5 = -4*q - i*n, 22 = -2*q + n + 7. Let j(u) = -u**2 - 5*u - 5. Give j(q).
-5
Let b be 2/26*(-11 - (-140)/8). Let g(v) be the first derivative of 3 - 1/4*v**4 - b*v**2 + v**3 + 3*v. What is g(3)?
0
Let n(l) be the second derivative of -l**5/60 - l**4/4 - 5*l**3/6 - 2*l**2 - 8*l. Let f(x) be the first derivative of n(x). Determine f(-5).
0
Let t(o) be the second derivative of o**5/20 - o**4/2 - 7*o**3/6 - o**2/2 + 10*o - 8. Calculate t(7).
-1
Let q(z) be the second derivative of 0*z**3 + 0 - 2*z - 1/3*z**4 - 1/2*z**2. Let j(a) = a + 3. Let i be j(-4). Determine q(i).
-5
Let l(g) = 2*g. Let a be l(1). Let i(h) = -3 + 5 + 14*h - h**a - 6*h. Give i(8).
2
Let o(h) be the second derivative of h**3/6 + 5*h**2 - 21*h - 12. What is o(6)?
16
Let z(n) = -2*n + 11. Let u(l) = 2*l**2 - 13*l + 30. Let o be u(3). What is z(o)?
-7
Let s(c) be the second derivative of c**6/120 + c**5/60 + c**3/6 + 15*c**2 - 34*c. Let j(v) be the first derivative of s(v). What is j(-2)?
-3
Let f(m) = 6*m**3 + 8*m**2 - 4*m**3 - m**3 + 8 + m. Determine f(-8).
0
Let w(b) be the third derivative of -5*b**4/24 - 2*b**2 + 8. Calculate w(-1).
5
Let t(c) be the first derivative of 1/3*c**3 + 0*c**2 - c - 5. Suppose 0 = -3*s + 4*s - 3. Give t(s).
8
Let c(y) = -2*y**2 - 10*y + 1. Let o(z) = 3*z**2 + 13*z. Let b(d) = 4*c(d) + 3*o(d). What is b(3)?
10
Let u(y) = y**3 - 5*y**2 - 5*y - 5. Let r(g) = g**2 - g - 1. Let m(l) = 7*l**2 - 18*l + 7. Let i(s) = m(s) - 5*r(s). Let t be i(6). Calculate u(t).
1
Let d(u) = 3*u**2 + 4*u + 5. Let z(j) = j**2 + j + 1. Let c(v) = 3*v + 5. Let m be c(-2). Let q(i) = m*d(i) + 4*z(i). Give q(3).
8
Let u(o) = -o**2 + 7*o - 9. Suppose -311*a = -309*a - 10. Give u(a).
1
Let x(m) be the third derivative of -m**5/60 - m**4/4 + 5*m**3/6 - 32*m**2 + 1. What is x(-5)?
10
Let o(h) = -h**2 + 2 - 8 + 4537*h - 4542*h. Give o(-6).
-12
Let v = 389 - 9331/24. Let r(x) be the third derivative of -v*x**4 + 0 + 3*x**2 - 1/6*x**3 + 0*x. Calculate r(-1).
4
Let w(g) = g**3 + 2*g**2 + 2*g - 4. Suppose -3*b - t - 5 = 0, -5*t = b - t - 2. Determine w(b).
-8
Let a(i) = -10*i - 8. Let b(j) = -3*j - 3. Suppose -20 = 23*l - 19*l. Let r(n) = l*a(n) + 16*b(n). What is r(6)?
4
Let m(h) be the third derivative of 0 + 0*h - 1/120*h**6 - 1/24*h**4 - 5*h**2 - 1/12*h**5 + 0*h**3. What is m(-5)?
5
Suppose 7*n - 4*n = -2*y - 22, n + 9 = y. Let j(f) = -7*f - 10. Let l(c) = -15*c - 20. Let b(x) = 13*j(x) - 6*l(x). Give b(n).
-2
Let h(k) = -k**3 + 1955*k**2 - 14*k + k**3 - 1968*k**2 + 7 + k**3. What is h(14)?
7
Let j(d) = 32 - 16 + 10*d - 13*d. What is j(12)?
-20
Let b(n) = n - 5. Let v be b(7). Suppose -v = -3*m + 4. Suppose -5*p + 3*i - 2 = 8, -5*p + m*i = 15. Let c(x) = -x**3 - 6*x**2 - 8*x - 6. Give c(p).
9
Let s(n) = 10*n + 6*n - 31*n + 4*n**2 + 5*n + 7*n. What is s(2)?
10
Let w = 173 + -175. Let h(l) = 2*l**3 - l**2 - 2*l + 1. What is h(w)?
-15
Let m(g) = g**2 - 3*g - 16. Let a be m(-4). Let u(s) = 8 - a*s + 12*s + s**2 + 7*s. Suppose 0 = 3*z + 14 + 4. What is u(z)?
2
Let o(v) be the first derivative of -5*v**2 - 2*v + 67. Give o(-1).
8
Let c be (2/3*-3)/(-1). Let i(x) = 11 - x + x**c - x + 11*x. Let r be i(-7). Let u(v) = v**3 + 5*v**2 + 3*v - 2. Give u(r).
7
Suppose -2*v = -6 + 2. Let g(o) = -3*o**v - 5 - o**3 - 1 - 1 + 4. Let p be (2 + -1)*(-24)/8. Give g(p).
-3
Let o(r) = -8*r**2 + 10*r**2 - 10*r - r + 10*r. Give o(3).
15
Let z(a) = 2*a**2 - 11*a - 7. Suppose 0 = 274*r - 282*r + 48. Calculate z(r).
-1
Let x be ((1152/40)/(-9))/(6/15). Let q(c) = 6 + 7 + c - 2. Calculate q(x).
3
Let l(d) = -d. Let u(k) = -4*k - 1. Suppose 0 = 2*y - 7 + 3. Suppose y*x + 0*t + 18 = -4*t, 5*t + 27 = 2*x. Let p(c) = x*u(c) - 5*l(c). Calculate p(5).
4
Let g(o) be the second derivative of 3*o**4/4 + o**3/2 - o**2 + 336*o. What is g(2)?
40
Let p(a) be the first derivative of a**4/4 + 8*a**3/3 + 11*a**2/2 + 10*a - 247. What is p(-7)?
-18
Let m(n) = 21*n - 4*n - n**2 - 22827 + 22872. Give m(19).
7
Let i(w) be the first derivative of -w**3/3 - 3*w**2/2 - 3*w + 2. Let b be i(-4). Let p(m) = -m - 9. What is p(b)?
-2
Let n(j) be the first derivative of 5/2*j**2 - 1/3*j**3 + 6 - 6*j. Give n(6).
-12
Let y(a) = -2 - 9*a**3 - a**2 + a + 0*a**3 + 3*a**3 + 1. Determine y(1).
-7
Let k(y) = y**3 + 9*y**2 + 27*y - 6. Let a(n) = 8*n**3 + 62*n**2 + 195*n - 43. Let w(z) = 2*a(z) - 15*k(z). What is w(12)?
-32
Suppose -12*i + 10 = -7*i. Let z(j) = 0*j + 1 + i*j - 4*j**3 + 0*j + 3*j**3. Give z(-2).
5
Let b = 396/5 - 4751/60. Let v(a) be the third derivative of 1/2*a**3 + 0*a + b*a**5 - 9*a**2 + 1/120*a**6 + 0 + 1/12*a**4. What is v(-2)?
-5
Suppose -2*i - 3*v = -20, 0 = -2*i + 2*v - 0 + 10. Let b be (2 + -3)/(i/21). Let p be (-15)/b - (1 - 2). Let d(u) = -u**3 + 7*u**2 - 9*u + 5. What is d(p)?
-13
Let m(p) = -4 + p - 16*p**2 - 2 + 20*p**2 + 6. What is m(3)?
39
Let a = -12 - -6. Let t(w) be the second derivative of w**5/60 + 7*w**4/24 - w**3/2 - w**2 - w. Let f(q) be the first derivative of t(q). De